{"id":249,"date":"2020-03-25T12:56:36","date_gmt":"2020-03-25T11:56:36","guid":{"rendered":"http:\/\/www.mc-kolbermoor.de\/?page_id=249"},"modified":"2026-03-08T17:18:13","modified_gmt":"2026-03-08T16:18:13","slug":"kalender","status":"publish","type":"page","link":"https:\/\/www.mc-kolbermoor.de\/","title":{"rendered":""},"content":{"rendered":"\n<h1 class=\"wp-block-heading has-text-align-center\"><strong>Neuer Vorstand gew\u00e4hlt<\/strong><\/h1>\n\n\n\n<h6 class=\"wp-block-heading has-text-align-left is-style-plain\">Der Motorradclub Kolbermoor blickte zur\u00fcck auf ein ereignisreiches Jahr, als sich die Mitglieder im Dezember 2025 zur Jahreshauptversammlung im bekannten Vereinslokal Servus F\u00fcglein trafen. Nach dem ausf\u00fchrlichen Bericht \u00fcber das abgelaufene Gesch\u00e4ftsjahr folgte der Kassenbericht, der die finanzielle Stabilit\u00e4t des Clubs verdeutlichte. Besonders im Fokus standen die Neuwahlen der Vorstandschaft, denn die bisherigen Vorstandsmitglieder Herbert Schmid und Markus Nagl standen nicht mehr f\u00fcr die \u00c4mter zur Verf\u00fcgung.<br>In einer einstimmigen Wahl wurde Peter Lindner sen. zum neuen 1. Vorstand gew\u00e4hlt, w\u00e4hrend Walter Brielmeier als 2. Vorstand die Geschicke des Clubs unterst\u00fctzen wird. Ein weiterer wichtiger Posten wurde mit Christoph Taubeneder besetzt, der das Amt des Kassiers \u00fcbernimmt. Die Schriftf\u00fchrerin Sonja Lindner sowie der Revisor Peter Lindner jun. wurden in ihren \u00c4mtern best\u00e4tigt und bleiben somit der bew\u00e4hrten F\u00fchrung des Clubs erhalten. Peter Lindner sen. nutzte die Gelegenheit, um sich herzlich bei den anwesenden Mitgliedern f\u00fcr ihr Vertrauen zu bedanken und gleichzeitig den scheidenden Vorst\u00e4nden f\u00fcr ihre langj\u00e4hrige engagierte Arbeit zu danken.<br>Traditionell fand im Januar das Jahresanfangsessen ebenfalls im Servus F\u00fcglein statt. Dieses Event stand ganz im Zeichen der Clubmeisterschaft und die \u00dcbergabe pers\u00f6nlicher Geschenke, einschlie\u00dflich des beliebten Tischkalenders. Ein Blick in die Zukunft des Clubs zeigt bereits erste Termine f\u00fcr das Jahr 2026. So wurden unter anderem Bowling- und Gokart-Veranstaltungen geplant, um die Zeit bis zum Saisonstart zu verk\u00fcrzen und den Zusammenhalt der Mitglieder zu f\u00f6rdern. Ein besonderes Highlight wird die traditionelle Motorradweihe sein, die am 19. April 2026 am alten Rathausplatz in Kolbermoor stattfinden wird.<br>Mit diesen Veranstaltungen und der neuen Vorstandschaft geht der Motorradclub Kolbermoor mit frischem Elan und spannenden Aktivit\u00e4ten ins neue Jahr. Die Mitglieder sind gespannt auf die kommenden Monate und die M\u00f6glichkeiten, die sie gemeinsam erleben werden.<\/h6>\n\n\n\n<p><\/p>\n\n\n\n<div class=\"wp-block-group is-vertical is-layout-flex wp-container-core-group-layout-1 wp-block-group-is-layout-flex\">\n<figure class=\"wp-block-gallery has-nested-images columns-default is-cropped wp-block-gallery-1 is-layout-flex wp-block-gallery-is-layout-flex\"><div class=\"wp-block-image\">\n<figure class=\"aligncenter size-full\"><img loading=\"lazy\" decoding=\"async\" width=\"1002\" height=\"667\" src=\"https:\/\/www.mc-kolbermoor.de\/wp-content\/uploads\/2026\/03\/Unbenannt.jpg\" alt=\"\" class=\"wp-image-526\" srcset=\"https:\/\/www.mc-kolbermoor.de\/wp-content\/uploads\/2026\/03\/Unbenannt.jpg 1002w, https:\/\/www.mc-kolbermoor.de\/wp-content\/uploads\/2026\/03\/Unbenannt-300x200.jpg 300w, https:\/\/www.mc-kolbermoor.de\/wp-content\/uploads\/2026\/03\/Unbenannt-768x511.jpg 768w, https:\/\/www.mc-kolbermoor.de\/wp-content\/uploads\/2026\/03\/Unbenannt-960x639.jpg 960w\" sizes=\"(max-width: 1002px) 100vw, 1002px\" \/><figcaption class=\"wp-element-caption\">Die neue Vorstandschaft des Vereins: (von links) Peter Lindner sen., Sonja Lindner, Christoph Taubeneder, Walter Brielmeier<\/figcaption><\/figure><\/div><\/figure>\n<\/div>\n\n\n\n<p><\/p>\n\n\n\n<iframe loading=\"lazy\" height=\"650px\" width=\"100%\" src=\"https:\/\/kalender.digital\/b6fa65ae2a14bb71aea4?wp_iframe=true\" style=\"border:0\"><\/iframe>\n","protected":false},"excerpt":{"rendered":"<p>Neuer Vorstand gew\u00e4hlt Der Motorradclub Kolbermoor blickte zur\u00fcck auf ein ereignisreiches Jahr, als sich die Mitglieder im Dezember 2025 zur Jahreshauptversammlung im bekannten Vereinslokal Servus F\u00fcglein trafen. Nach dem ausf\u00fchrlichen Bericht \u00fcber das abgelaufene Gesch\u00e4ftsjahr folgte der Kassenbericht, der die finanzielle Stabilit\u00e4t des Clubs verdeutlichte. Besonders im Fokus standen die Neuwahlen der Vorstandschaft, denn die <a href=\"https:\/\/www.mc-kolbermoor.de\/\" class=\"more-link\">...weiterlesen<span class=\"screen-reader-text\"> \"\"<\/span><\/a><\/p>\n","protected":false},"author":2,"featured_media":0,"parent":0,"menu_order":0,"comment_status":"closed","ping_status":"closed","template":"page-templates\/full-width.php","meta":{"footnotes":""},"_links":{"self":[{"href":"https:\/\/www.mc-kolbermoor.de\/index.php?rest_route=\/wp\/v2\/pages\/249"}],"collection":[{"href":"https:\/\/www.mc-kolbermoor.de\/index.php?rest_route=\/wp\/v2\/pages"}],"about":[{"href":"https:\/\/www.mc-kolbermoor.de\/index.php?rest_route=\/wp\/v2\/types\/page"}],"author":[{"embeddable":true,"href":"https:\/\/www.mc-kolbermoor.de\/index.php?rest_route=\/wp\/v2\/users\/2"}],"replies":[{"embeddable":true,"href":"https:\/\/www.mc-kolbermoor.de\/index.php?rest_route=%2Fwp%2Fv2%2Fcomments&post=249"}],"version-history":[{"count":138,"href":"https:\/\/www.mc-kolbermoor.de\/index.php?rest_route=\/wp\/v2\/pages\/249\/revisions"}],"predecessor-version":[{"id":539,"href":"https:\/\/www.mc-kolbermoor.de\/index.php?rest_route=\/wp\/v2\/pages\/249\/revisions\/539"}],"wp:attachment":[{"href":"https:\/\/www.mc-kolbermoor.de\/index.php?rest_route=%2Fwp%2Fv2%2Fmedia&parent=249"}],"curies":[{"name":"wp","href":"https:\/\/api.w.org\/{rel}","templated":true}]}}